1646
Calculate the remainder when 23175626 is divided by 45.
41
What is the remainder when 10141271 is divided by 597?
32
What is the remainder when 98799 is divided by 32888?
135
Calculate the remainder when 2035077 is divided by 360.
357
What is the remainder when 38683264 is divided by 32?
0
What is the remainder when 15577648 is divided by 15?
13
Calculate the remainder when 30013694 is divided by 24.
14
What is the remainder when 488166156 is divided by 20?
16
What is the remainder when 66322 is divided by 976?
930
Calculate the remainder when 2103679 is divided by 57.
37
Calculate the remainder when 9914449 is divided by 1982871.
94
Calculate the remainder when 2114426 is divided by 1057207.
12
Calculate the remainder when 55500 is divided by 4110.
2070
Calculate the remainder when 207247 is divided by 1008.
607
What is the remainder when 56930520 is divided by 998781?
3
Calculate the remainder when 262232 is divided by 87267.
431
What is the remainder when 22684 is divided by 240?
124
What is the remainder when 66134365 is divided by 583?
11
What is the remainder when 1630677 is divided by 11018?
13
What is the remainder when 36240531 is divided by 3193?
3174
Calculate the remainder when 706770 is divided by 1389.
1158
What is the remainder when 1461415 is divided by 292276?
35
What is the remainder when 8136955 is divided by 904101?
46
Calculate the remainder when 454795 is divided by 345.
85
Calculate the remainder when 9484224 is divided by 353.
173
Calculate the remainder when 269200 is divided by 273.
22
Calculate the remainder when 318277 is divided by 326.
101
Calculate the remainder when 173264 is divided by 19228.
212
Calculate the remainder when 39592078 is divided by 132.
130
Calculate the remainder when 123988657 is divided by 394.
9
Calculate the remainder when 11977483 is divided by 401.
14
What is the remainder when 113960 is divided by 54?
20
What is the remainder when 33704819 is divided by 1060?
1059
Calculate the remainder when 123971 is divided by 504.
491
What is the remainder when 403168 is divided by 9570?
1228
Calculate the remainder when 29353582 is divided by 4026.
16
Calculate the remainder when 150774 is divided by 149695.
1079
What is the remainder when 7846264 is divided by 973?
965
What is the remainder when 122586150 is divided by 686?
8
What is the remainder when 435531598 is divided by 840?
838
What is the remainder when 4013567 is divided by 9?
8
Calculate the remainder when 9857079 is divided by 12885.
54
What is the remainder when 328477 is divided by 220?
17
Calculate the remainder when 3076610 is divided by 50.
10
Calculate the remainder when 126037 is divided by 81.
1
Calculate the remainder when 26904014 is divided by 368548.
10
What is the remainder when 95180 is divided by 23659?
544
Calculate the remainder when 34721 is divided by 601.
464
Calculate the remainder when 9637087 is divided by 73.
65
What is the remainder when 783546 is divided by 8240?
746
What is the remainder when 23745463 is divided by 4749090?
13
What is the remainder when 260020 is divided by 43258?
472
Calculate the remainder when 5849613 is divided by 968.
957
What is the remainder when 4191090 is divided by 16371?
114
Calculate the remainder when 1350970 is divided by 4330.
10
What is the remainder when 27674 is divided by 317?
95
Calculate the remainder when 19541 is divided by 8413.
2715
What is the remainder when 470844 is divided by 696?
348
What is the remainder when 48758118 is divided by 83?
17
What is the remainder when 6695 is divided by 3416?
3279
Calculate the remainder when 24636831 is divided by 96615.
6
What is the remainder when 10056623 is divided by 30?
23
Calculate the remainder when 98957 is divided by 31535.
4352
Calculate the remainder when 10749 is divided by 2563.
497
Calculate the remainder when 37298659 is divided by 1315.
1314
What is the remainder when 43162022 is divided by 172?
170
What is the remainder when 6696347 is divided by 372019?
5
Calculate the remainder when 264384 is divided by 4.
0
What is the remainder when 7579781 is divided by 45938?
11
Calculate the remainder when 541254 is divided by 541235.
19
Calculate the remainder when 113889 is divided by 22761.
84
What is the remainder when 17075385 is divided by 422?
421
Calculate the remainder when 37775 is divided by 37451.
324
What is the remainder when 77746883 is divided by 124?
123
Calculate the remainder when 8392 is divided by 1963.
540
Calculate the remainder when 674307 is divided by 2730.
2727
What is the remainder when 7728714 is divided by 134?
130
Calculate the remainder when 1566623 is divided by 195819.
71
What is the remainder when 3608832 is divided by 1202941?
9
What is the remainder when 59591 is divided by 59256?
335
Calculate the remainder when 3129135 is divided by 858.
9
Calculate the remainder when 701629 is divided by 1988.
1853
Calculate the remainder when 787747 is divided by 787531.
216
Calculate the remainder when 86604 is divided by 2112.
12
Calculate the remainder when 21856 is divided by 2721.
88
What is the remainder when 1254986 is divided by 1487?
1445
Calculate the remainder when 189830 is divided by 93653.
2524
What is the remainder when 67098662 is divided by 9784?
9774
Calculate the remainder when 1681469 is divided by 5424.
29
Calculate the remainder when 2566713 is divided by 43.
0
Calculate the remainder when 9045083 is divided by 7414.
3
What is the remainder when 18254120 is divided by 327?
326
Calculate the remainder when 1186868 is divided by 56512.
116
Calculate the remainder when 2927860 is divided by 342.
340
Calculate the remainder when 21599 is divided by 2129.
309
What is the remainder when 3523930 is divided by 41?
21
Calculate the remainder when 570532 is divided by 142535.
392
Calculate the remainder when 278055 is divided by 92632.
159
Calculate the remainder when 1502827 is divided by 79.
10
Calculate the remainder when 21130 is divided by 551.
192
What is the remainder when 567636 is divided by 51601?
25
What is the remainder when 3792461 is divided by 9980?
61
Calculate the remainder when 6312085 is divided by 690.
655
What is the remainder when 82822 is divided by 82710?
112
Calculate the remainder when 83974 is divided by 10102.
3158
Calculate the remainder when 83719 is divided by 1520.
119
What is the remainder when 3748077 is divided by 76487?
214
What is the remainder when 69668 is divided by 1922?
476
Calculate the remainder when 859225 is divided by 74.
11
Calculate the remainder when 4551848 is divided by 221.
132
Calculate the remainder when 8866570 is divided by 2955518.
16
Calculate the remainder when 214305774 is divided by 296.
294
What is the remainder when 4925796 is divided by 54?
24
Calculate the remainder when 81175 is divided by 946.
765
What is the remainder when 6638 is divided by 58?
26
What is the remainder when 37979589 is divided by 404038?
17
Calculate the remainder when 1605213 is divided by 1605117.
96
Calculate the remainder when 304482 is divided by 169.
113
What is the remainder when 721936 is divided by 90242?
0
Calculate the remainder when 6160999 is divided by 57.
40
What is the remainder when 31247236 is divided by 344?
340
Calculate the remainder when 40205873 is divided by 3093.
3059
What is the remainder when 67580 is divided by 64844?
2736
What is the remainder when 2147758 is divided by 171?
169
Calculate the remainder when 280840 is divided by 2360.
0
What is the remainder when 22274013 is divided by 11137000?
13
Calculate the remainder when 11713839 is divided by 645.
639
What is the remainder when 11346313 is divided by 31?
3
What is the remainder when 1508 is divided by 1126?
382
What is the remainder when 238163599 is divided by 2201?
2193
Calculate the remainder when 238196123 is divided by 1926.
1925
What is the remainder when 3548713 is divided by 152?
121
Calculate the remainder when 1357597 is divided by 1357343.
254
Calculate the remainder when 433574 is divided by 244.
230
What is the remainder when 787494 is divided by 6617?
71
Calculate the remainder when 263004624 is divided by 19.
12
Calculate the remainder when 9200460 is divided by 56.
52
What is the remainder when 6837176 is divided by 1115?
1111
Calculate the rem